f 7*m**3/3 - 2*m**2 - 6*m + 19. What is the units digit of k(4)?
0
Suppose 10 = -2*u - 3*u. Let s(p) = -p**3 - 14*p**2 - 6*p - 38. Let a be s(-14). What is the units digit of a/(-8)*4*u?
6
Let y = -1750 - -3318. What is the units digit of y?
8
Suppose -4*t - 42 = -3*u, 2*u - 5 = -5*t - 0*t. Let m(v) = v - 6. Let x be m(u). Suppose -x*g = -g - 117. What is the units digit of g?
9
Let f(m) = 3*m**3 - 2*m**2 + m. Let o be f(1). Let j(i) = i**2 - 1 + 3 - 3 + o*i. What is the units digit of j(-6)?
3
Suppose -4*b = 0, 6*y + 5*b + 1821 = 7*y. What is the tens digit of y?
2
Let t(p) = -18*p**3 + p + 1. Let z be t(-1). Let w(m) = 7*m**2 - 19*m**3 - 3 + z*m**3 - 2 - 4*m. What is the units digit of w(6)?
7
Suppose 5*w - f = 15, 3*w - 17 = -f - 0*f. Let d be w/(-3)*(-4 - -1). Suppose -d*a = 4*j - 136, 4*a - 52 = -j + 87. What is the units digit of a?
5
Suppose q - 46 = -3*q + 2*n, 2*n = -10. Let s = q + -7. Suppose 0 = -2*d - s*p + 74, 0*p = -2*p + 6. What is the units digit of d?
4
Let f = -503 + 675. What is the hundreds digit of f?
1
Let l(d) = -d + 8. Let r be l(4). Suppose -47 - 57 = -r*g. What is the tens digit of g?
2
Suppose -z - 5 = -3*d, 0*z = 2*z + 5*d + 21. Let m be (z - -4) + -3 + 7. What is the units digit of m - (1/1 - 24)?
3
Let t(w) = w + 8. Let v be t(3). Suppose -v*b + 959 = -4*b. What is the tens digit of b?
3
Let f(a) = -a**3 - 8*a**2 - 11*a - 28. Let r(v) = 3*v. Let z be r(-3). What is the hundreds digit of f(z)?
1
Let j(w) = -2*w**3 - 5*w**2 - 3*w - 9. Let z be j(-4). Let n = z - 21. What is the units digit of n?
0
Let w(j) = -j**2 + 7*j + 10. Let y be w(4). Suppose 18*l + 296 = y*l. What is the tens digit of l?
7
Suppose -3*m = -m - 6. Let j be (-1 + m - -2) + -1. Suppose 3*a = -j + 9. What is the units digit of a?
2
Let a(l) = 6*l**2 - 3*l - 2. Let u be a(-1). Suppose -u*r + 2*r = -300. What is the units digit of r?
0
Let a(n) = -77*n**3 - 14 + 0*n - 8*n + 13 + 6*n - n**2. What is the tens digit of a(-1)?
7
Let u = 42 - 37. Suppose -u*i = 25, -m + 6*i - 2*i = -32. What is the tens digit of m?
1
Suppose -3*n = 8*n - 17578. What is the units digit of n?
8
Suppose -5*b + 12 = -b. Suppose 2*t - 2 - 7 = b*y, 0 = -3*t - 4*y - 12. Suppose t*o + 64 = 4*o. What is the units digit of o?
6
Let u = -5 - -4. Let f(q) = -13*q - 1. What is the units digit of f(u)?
2
Let i = 66 + -31. Let r = i - 28. What is the units digit of r?
7
Let h = 24 - 15. Suppose -4*a + h*a - 170 = 0. What is the units digit of a?
4
Let v = -3 + 2. Let y(k) = 5*k**2 - k - 1. Let a be y(v). Suppose 27 = -2*w + a*w. What is the units digit of w?
9
Let i = 4919 + -2705. What is the hundreds digit of i?
2
Let x be 1 + (-168)/(-3) + -2. Suppose -x = 5*i + 10. What is the units digit of i/52 + 29/4?
7
Suppose v - 4*u = 513 - 169, 0 = 4*v - u - 1451. What is the units digit of v?
4
Let h(w) be the second derivative of w**5/20 - 3*w**4/4 + 3*w**3/2 + w**2/2 - 6*w. What is the units digit of h(8)?
9
Suppose 3*m + 2*g + 4 = 131, 4*m + 2*g = 172. Let w = 2 - m. Let n = w + 70. What is the tens digit of n?
2
Let n = -453 - -1740. What is the units digit of n?
7
Let a(x) = -8*x - 27. Let r be a(-4). Suppose r*n = -w + 3*n + 159, 0 = 4*w - 5*n - 675. What is the hundreds digit of w?
1
Let p(y) = -11*y**3 + 19*y**2 + 4*y - 2. What is the hundreds digit of p(-5)?
8
What is the hundreds digit of 1/2*(-3792)/(-6)?
3
Let i(w) = 49*w + 32. What is the units digit of i(5)?
7
Let i(d) = -d**2 + 2*d + 1. Let a(s) = -s**2 - 5*s + 4. Let u be a(-6). Let o be i(u). Let y = o - -46. What is the tens digit of y?
3
Suppose 18 = -c + 4*y, 0 = c - 0*c + y + 3. Let b(o) = 3*o**2 - 18*o - 9. Let p(z) = z**2 - 9*z - 5. Let g(t) = 3*b(t) - 7*p(t). What is the tens digit of g(c)?
2
Suppose j - 4*b = 369, 4*j - 1476 = -6*b + 2*b. What is the hundreds digit of j?
3
What is the tens digit of (70 + -69)*(-2 - (1 - 756))?
5
Suppose -2*n - 804 = 18*l - 20*l, -n = -2*l + 805. What is the hundreds digit of l?
4
Let g = 75 - 43. Let j = g - 89. Let x = -34 - j. What is the units digit of x?
3
Let n(o) = o + 17*o + 169 - 149 + 17*o**2 - o**3. What is the tens digit of n(18)?
2
Let d = 2781 - 1579. What is the tens digit of d?
0
Let g be -3*26*2/(-12). Let q be (-8)/52 - (-574)/g. Suppose j = 5*n + 32, -5*j - 3*n = n - q. What is the tens digit of j?
1
Let v be (3 - -2) + 3 + -3. Let i(d) = 14*d + 9. What is the tens digit of i(v)?
7
Suppose -r - 12 = 2*r, -2*t + 3*r - 16 = 0. Let x be 126/4 + t/28. Let b = x + -16. What is the units digit of b?
5
Let k be (-6)/(-4) - (-1)/2. Let w(v) = -v**3 - 5*v**2 + 5. Let x be w(-5). Suppose x*m - 4*u + 0*u = 154, -k*m = -4*u - 52. What is the tens digit of m?
3
Let h = -40 + -49. Let w = -52 - h. What is the units digit of w?
7
Suppose 0 = -o + 3*o - 10. Suppose 0 = -37*x + 588 - 144. What is the tens digit of x/4 + 370/o?
7
Let q be -1 + (-4 - (2 + -2)). Let h = q - -67. What is the units digit of h?
2
Let c(a) = 21*a + 159. What is the tens digit of c(22)?
2
Let p = -245 + 402. What is the units digit of p?
7
Suppose -5*j - 4*m = -1084, 6*j - 863 = 2*j + m. Suppose 0 = -14*l + 11*l + j. What is the units digit of l?
2
Let j(f) be the first derivative of 148*f**3/3 - 3*f**2/2 + 2*f + 16. What is the units digit of j(1)?
7
Let q(h) = h**3 - h**2 + 9. Let t be q(0). What is the tens digit of 59 - -3*12/t?
6
Suppose 0 = -5*q - 10, -4*k + 7*k = 3*q + 1230. What is the hundreds digit of k?
4
Let b(h) = h**2 + 2*h - 11. Let y be b(-5). Suppose -y*f = -363 - 897. What is the units digit of (-4)/5*f/(-14)?
8
Suppose -5 = d + 4*d. What is the tens digit of -18 + 22 - 37*d?
4
Let w(r) = r**2 + 10*r + 6. Let d = -24 - -17. Let z be w(d). What is the units digit of 50/z*3/(-2)?
5
Let z(o) = 10*o**3 - 10*o**2 + 5*o. What is the units digit of z(4)?
0
Let f(w) = w**3 - 6*w**2 + w - 19. Suppose 0 = 2*a - 2, -2*s - 3*s + 38 = -2*a. What is the tens digit of f(s)?
1
Let w(u) = 61*u - 510. What is the hundreds digit of w(29)?
2
Let q(o) = 2*o**3 - 3*o**2 + o - 1. Let z be q(2). Suppose 115 = -z*i - 35. What is the tens digit of ((-48)/i)/((-6)/(-135))?
3
Suppose 0 = 4*w - 16, 4*k + 2*w + 17 = 113. Let x(j) = -3*j + 3. Let t be x(-9). Let v = k + t. What is the tens digit of v?
5
Let p(j) = -2*j + 4. Let q be p(-5). Suppose 28 = -5*r + 12*r. Suppose -3*o - q + 3 = b, -4*o = 4*b + r. What is the units digit of b?
4
Let c(v) = -17*v - 11. Let d be 242/(-16) + (-2)/(-16). What is the tens digit of c(d)?
4
Let j = -577 + 776. What is the hundreds digit of j?
1
Let a(i) = 51*i**3 - 2*i**2 + 5*i - 3. What is the hundreds digit of a(2)?
4
What is the hundreds digit of (-25 - (-188900)/55) + (-6)/11?
4
Let u(x) = 19*x**2 + 18*x - 28. Let g be u(2). Let z(h) = -h**3 + 2*h**2 - h - 3. Let j be z(3). What is the units digit of (g/j)/(4/(-10))?
4
Let b(j) = 11*j**2 + j + 3. Let g be -2 - (-1 + 1) - (7 - 7). What is the tens digit of b(g)?
4
Let l(w) = -2*w**2 - 14*w - 11 + 8*w**2 + 5*w. What is the units digit of l(7)?
0
Let x be 2/((-4)/(8/(-1))). Let z be 18/x*16/24. Suppose l = -t + 26, -z - 3 = -2*t. What is the units digit of l?
3
Let h(z) = 30 + 35 - 61 + 5*z**2. What is the tens digit of h(-3)?
4
Suppose -4*s = -5*p + 135 + 2293, 4*p = s + 1949. What is the tens digit of p?
8
What is the hundreds digit of (-17 - -2)*(-4)/12 - -396?
4
Let a(v) = -453*v + 6. What is the units digit of a(-1)?
9
Let n(g) = -g**3 + 13*g**2 - 12*g + 2. Let t be n(12). What is the hundreds digit of (133/(-3))/(t/12*-2)?
1
Let p(j) = -j**3 + 8*j**2 - 8*j. Let u be p(5). What is the tens digit of u/10*(-7)/((-28)/24)?
2
Let m = 2103 - -129. What is the hundreds digit of m?
2
Let v(h) = h**3 + 9*h**2 + 3*h + 3. Let o be (-1 - 0)/1 - 7. What is the tens digit of v(o)?
4
Suppose 0*g + 3*g + 12 = 3*x, -4*x + 16 = 4*g. Suppose g = 2*a - 34 - 38. Let w = a + -18. What is the tens digit of w?
1
Let l = 5012 + -3330. What is the thousands digit of l?
1
Suppose -3*w = -5*k + 554, 64 + 46 = k - w. Suppose 3*x - 4*m + k = 879, -m + 991 = 4*x. What is the hundreds digit of x?
2
Suppose 0 = -5*b + 4*q + 31, -22 = b + 5*q - 5. Suppose -g + 2*f + 124 = b*g, -4*g + f = -124. Let m = 4 + g. What is the units digit of m?
5
Suppose 4*u - 43 = -3. Suppose u + 598 = 8*f. What is the units digit of f?
6
Let y = 72 - -46. What is the units di